 + 3 = -c. What are the prime factors of b?
7
Suppose -f = 8 + 4. Let x = f - -4. Let i(d) = d**2 + 5*d - 8. What are the prime factors of i(x)?
2
What are the prime factors of -50*(0 - 4/8)?
5
Let y(w) = -w**2 + 9*w - 6. Suppose 0 = 4*i - 37 + 5. Let r be y(i). Suppose p - 3*j = 7, r*p - 9 - 10 = j. List the prime factors of p.
2, 5
Let s(a) = 14*a**3 + 2*a - 1. Let m be s(-2). Let v be (m/(-6))/((-3)/(-4)). Suppose -v - 25 = -3*u. What are the prime factors of u?
17
Let y(u) = 31*u**2 + u + 1. Let k = -16 - -15. What are the prime factors of y(k)?
31
Suppose z + 3*q = 51, -234 = -4*z + 2*q - 4*q. What are the prime factors of z?
2, 3, 5
Suppose 6*n - 113 - 595 = 0. Suppose -3*k + 3*a + n = 2*k, 0 = -k - 3*a + 20. What are the prime factors of k?
23
Let g = 60 - 31. Suppose -4*p + g = 9. Suppose 4 + 6 = 2*v + u, 0 = -3*v + p*u + 2. List the prime factors of v.
2
Let p(r) = -2*r + 9. Let x = 12 - 19. List the prime factors of p(x).
23
Let p(y) = -22*y**2 + 3. Let n be p(3). Let r be n/27 + (-2)/(-9). Let h = r - -15. What are the prime factors of h?
2
Let b(h) = -h**2 + 3*h + 3. Let n be b(5). Let v be 2/(-7) - (-47)/n. Let w = 6 - v. List the prime factors of w.
13
List the prime factors of 40*2*1/4.
2, 5
Let k(i) = -i**2 + 5*i + 8. Let m be k(6). Suppose -5*z + 54 = 4*q - 0*z, 5*z + 12 = m*q. List the prime factors of q.
11
Suppose 2*r - 101 = b, 4*r + 0*r - b = 197. What are the prime factors of r?
2, 3
Suppose -167 = -m + 9. List the prime factors of m.
2, 11
Let v(r) = 3*r**2 + 16*r - 2. What are the prime factors of v(-9)?
97
List the prime factors of 0 - -35*1*1.
5, 7
Let d(z) = -z + 6. Let x be d(7). Let y = 2 - x. What are the prime factors of y?
3
Suppose 3*o = 14 - 2. Suppose -6*h + o*h + 4 = 0. What are the prime factors of h?
2
Let y(d) be the third derivative of d**5/20 - d**4/12 - d**3/3 - 10*d**2. What are the prime factors of y(-1)?
3
Let z(f) = -f**3 - 5*f**2 - 5*f + 6. Let k(b) = -b**2 + b + 1. Let x(m) = -2*k(m) - z(m). Let u(s) = -s - 1. Let i be u(5). List the prime factors of x(i).
2, 5
Suppose -5*v + 31 = -4*r, -7*v = -3*v + 2*r - 4. Let y(z) = z**2 + 3*z + 4. Let b be y(-3). Suppose v*m - 2 = b. What are the prime factors of m?
2
Suppose -8*o + 3*o + 2*l = -251, -o + 5*l = -41. List the prime factors of o.
3, 17
Let b(m) = -8*m - 3. List the prime factors of b(-22).
173
Suppose 7*r = -k + 2*r + 34, -18 = -k + 3*r. Suppose 8*w = 3*w - 85. Let q = k + w. List the prime factors of q.
7
Let w be (-3)/(-2)*(-6)/(-9). Suppose -2*s = -s + w. List the prime factors of (2 - 5)*(s + 0).
3
List the prime factors of (-208)/(-24) - (-2)/6.
3
Let r(v) = -13*v - 1. What are the prime factors of r(-3)?
2, 19
Suppose 0*o - s + 103 = 5*o, -4*o - 4*s = -76. List the prime factors of o.
3, 7
Let s(y) = -18*y**3 + 2*y**2 + y. Suppose -2*x + 13 = -k + 2*x, 4*k - 3*x + 13 = 0. What are the prime factors of s(k)?
19
Let y(u) = -u**2 + 8*u - 6. Let b be y(6). Let a = b - 4. Suppose 0 = 6*g - a*g - 40. What are the prime factors of g?
2, 5
Let m(n) = n + n**2 - 4 + 3*n - 2. Let l = 14 + -20. List the prime factors of m(l).
2, 3
Suppose 0*v + 2*v + 5*a = 70, -a = -4*v + 140. What are the prime factors of v?
5, 7
Let h = 22 - 16. Let x(y) = -h*y + y - 4*y - y**2 - 9. List the prime factors of x(-6).
3
Suppose -4*a + 25 = -31. Let h = -4 + a. What are the prime factors of h?
2, 5
Let k = -274 - -410. List the prime factors of k.
2, 17
Suppose -3*u = -8*u - 3*z - 65, 0 = -u - 3*z - 13. Let x = 27 - 31. Let c = x - u. What are the prime factors of c?
3
What are the prime factors of ((-16)/20)/((-4)/650)?
2, 5, 13
Let o = 34 - -2. Let p = o - 24. List the prime factors of p.
2, 3
Let f(v) be the third derivative of -2*v**2 + 1/6*v**5 - 1/120*v**6 + 0 + 1/12*v**4 - 5/3*v**3 + 0*v. List the prime factors of f(10).
2, 5
Let x(t) = -40*t**3 + 4*t**2 + 6*t + 5. List the prime factors of x(-2).
7, 47
Let c = 26 - 52. Let b = 44 + c. List the prime factors of b.
2, 3
List the prime factors of (-3)/9 + 68/6.
11
Suppose -b - 2*b = -12. Suppose -36 = -4*m + b*v, 5*v + 5 = -2*m - m. List the prime factors of m.
5
Let t(v) = v**3 + 6*v**2 - 8*v. Let m(z) = z**2 + 8*z - 7. Let q be m(-8). List the prime factors of t(q).
7
Let b(o) = -o**3 - 7*o**2 + 6*o - 6. Let p be b(-8). Suppose -4*r - 2*n - p = -2, -2*r - 4 = 2*n. List the prime factors of (-8)/r + (-4)/2.
2
Let p be (-7 + 6)*(0 - 0). Suppose 4*o = -3*c - 11, -3*c = -p*c - o - 14. What are the prime factors of c?
3
Let b(k) = 2*k + 11. Let a be b(-8). Let d be -3 - (a - 0) - 2. Suppose -5*u + 5*j + 23 = -27, d = 5*u - 3*j - 54. What are the prime factors of u?
2, 3
List the prime factors of 1/(3/190)*(-3)/(-2).
5, 19
Let n be (-3)/2 - (-77)/14. Let f(g) = 3*g**3 + 4*g**2 - 4. Let m(i) = -7*i**3 - 8*i**2 + 8. Let b(a) = -9*f(a) - 4*m(a). What are the prime factors of b(n)?
2
Suppose 3*y = 8*y + 5*s + 230, y + 5*s = -50. List the prime factors of (y/(-18))/(1/2).
5
Suppose -3*x - 2*x = 0. Suppose -2*k + 7*k + y - 20 = x, -5*k + 25 = 2*y. Suppose k*w + n + 5 - 14 = 0, -5*n = 15. List the prime factors of w.
2
Suppose -92 = 3*m - 7*m. List the prime factors of m.
23
Let z(p) = -p**3 + 9*p**2 + 8*p + 9. List the prime factors of z(8).
137
Suppose 4*r = 0, -4*r = 4*o + 3 - 43. What are the prime factors of o?
2, 5
Suppose 2*t + 3*h = 315, 4*t + t - 785 = -5*h. List the prime factors of t.
2, 3, 13
Let t(k) = 7*k + 1. Let w be t(2). Let r = -13 - -15. Suppose 0 = 2*u + r*u + x - 35, -w = 3*x. What are the prime factors of u?
2, 5
Suppose l + 4 = 4*z, 6*l = 4*z + 2*l - 4. Let s be (0/(-3) + 3)/z. Suppose 35 = n - 4*c, 0 = -s*n - 2*c + 6*c + 65. What are the prime factors of n?
3, 5
Suppose 6*c = 10*c - 112. What are the prime factors of c?
2, 7
Let s(v) = -2*v - 10. Let u be s(7). What are the prime factors of 32/u*(-30)/4?
2, 5
Let o = -26 + 59. Let j = o + -16. List the prime factors of j.
17
Suppose 5*f - 5 = 5*q, -q + f - 2*f = -9. Suppose q = -3*v + 34. List the prime factors of v.
2, 5
Let t(g) = 18*g**2 - g - 1. Suppose -2*k = v - 0*v, -2*v - 8 = 0. Let h be -3 - (k - 0)/(-1). List the prime factors of t(h).
2, 3
Let v be ((-3)/6*0)/(-2). Suppose 9*g - 4*g - 20 = v. Suppose 5*a - 2*w = 4*a + 10, -g*w - 16 = 0. List the prime factors of a.
2
Let w be 4*1 - 2/1. Let y = w - -3. Suppose 5*r = 3*c + 25, c - y*c + 25 = 5*r. What are the prime factors of r?
5
Let s(i) = i**2 + 6*i + 4. Let z be s(-6). Let n(b) = -b**3 + 4*b**2 + 3*b + 1. Let r be n(z). Suppose -p + 0 = -r. What are the prime factors of p?
13
Let q(u) = -5 - u + 4*u**2 + 10*u**2 + 4. Let i be (1/(-3))/(1/3). List the prime factors of q(i).
2, 7
Suppose -a + 3*a = 8. Let p be (-3)/((-1)/(a/(-6))). List the prime factors of p/11 - 35/(-11).
3
Let y(o) = o + 6. Let t(b) = b + 5. Let u be t(-5). List the prime factors of y(u).
2, 3
Suppose -5*v - 25 = 0, -4*n - 9 = 4*v - 1. Suppose -2*d - 90 = -y - 0*y, -n*d - 2*y = 128. List the prime factors of d/(-6) - (-2)/3.
2
Let p(o) = o**3 + 5*o**2 - 4*o - 2. Let b be p(-5). Let t(w) = w - 2. Let c be t(15). Let l = b - c. What are the prime factors of l?
5
Let n = -15 + -14. Let x = n - -11. Let p = x + 32. List the prime factors of p.
2, 7
Suppose 2*a - 2 = l - 3*l, -a - 3*l - 9 = 0. Suppose -a*p = -4*p - 2. List the prime factors of 11 + -2 - (-2)/p.
11
Let n be (-2)/1*(-5)/(-2). Let l(f) = -9*f. Let c be l(n). Suppose j + 4*j = c. List the prime factors of j.
3
Suppose 3*g + 3 = 4*o, 4*o - 25 = -5*g + 2. Suppose -17 = -5*q + 3*r, 0 = 5*q - q - o*r - 16. Let a(u) = 14*u**2 - 1. What are the prime factors of a(q)?
13
Let p(g) = -g - 5. Let w be p(6). Let x = -3 - w. List the prime factors of x.
2
Let b be 111 - ((-12)/(-4) - 2). Suppose -y + 35 = 5*j - b, 0 = 2*j + 3*y - 71. List the prime factors of j.
2, 7
Let q = -283 - -437. Suppose 5*b - 46 = q. Suppose -5*l = -0*l - b. What are the prime factors of l?
2
Suppose -3*i + 0*i = -60. Suppose 4*a + i = 0, -a = b - 4 - 1. What are the prime factors of b?
2, 5
Let l = -3 - 0. Let b be 3*-8*l/6. What are the prime factors of b - 0*1/3?
2, 3
List the prime factors of -7*15*(-4)/12.
5, 7
Let j be (-1)/(26/9 - 3). Suppose 2*k - j = k. List the prime factors of k.
3
Let j = 5 + 0. Suppose 423 - 23 = j*u. What are the prime factors of (-2)/(-7) + u/14?
2, 3
Let g 